{"id":93,"date":"2015-02-14T19:49:35","date_gmt":"2015-02-14T18:49:35","guid":{"rendered":"http:\/\/www.muelleder.net\/?page_id=93"},"modified":"2015-05-22T09:55:22","modified_gmt":"2015-05-22T08:55:22","slug":"im-gedenken-peter-schwarz","status":"publish","type":"page","link":"https:\/\/www.muelleder.net\/?page_id=93","title":{"rendered":"Peter Schwarz"},"content":{"rendered":"<p style=\"text-align: center;\"><a href=\"http:\/\/www.muelleder.net\/wp-content\/uploads\/WP_20150213_10_30_47_Pro.jpg\"><img loading=\"lazy\" class=\"alignnone size-medium wp-image-101\" src=\"http:\/\/www.muelleder.net\/wp-content\/uploads\/WP_20150213_10_30_47_Pro-300x169.jpg\" alt=\"WP_20150213_10_30_47_Pro\" width=\"300\" height=\"169\" srcset=\"https:\/\/www.muelleder.net\/wp-content\/uploads\/WP_20150213_10_30_47_Pro-300x169.jpg 300w, https:\/\/www.muelleder.net\/wp-content\/uploads\/WP_20150213_10_30_47_Pro-1024x577.jpg 1024w\" sizes=\"(max-width: 300px) 100vw, 300px\" \/><\/a><\/p>\n<p>Traberg, 13. 2. 2015<\/p>\n<p>Lieber Peter,<br \/>\nwir sind heute hier und k\u00f6nnen die Ereignisse der letzten Tage gar nicht fassen.<\/p>\n<p>Wir denken an dich, denken an Deine beiden Kinder, k\u00f6nnen es nicht glauben.<\/p>\n<p>Jeder f\u00fcr sich versucht sich zu erinnern. Was habe ich zuletzt mit Dir gesprochen? Welcher Gedanke an Dich war es, der mich zuletzt besch\u00e4ftigt hat? Was sind meine ersten Erinnerungen mit Dir? Was sind die pr\u00e4gendsten, die sch\u00f6nsten<\/p>\n<p>Ich \u00fcberlege, denke nach.<\/p>\n<p>Meine vermutlich ersten bewussten Erinnerungen f\u00fchren mich zur\u00fcck in den Oktober 1978, an diesen Ort hier. Und ich glaube du warst es, der mir half, Gro\u00dfvater ein letztes Mal zu sehen. Damals war f\u00fcr mich alles so verwirrend, unverst\u00e4ndlich &#8211; alle standen traurig hier, wo wir jetzt stehen. Nur, dass heute Du es bist, von dem wir Abschied nehmen m\u00fcssen und es ist wieder unverst\u00e4ndlich, unbegreiflich.<\/p>\n<p>Jeder einzelne hier hat seine eigene Geschichte mit Dir, du bist der erste Sohn sicherlich stolzer Eltern in einer schweren Zeit.<\/p>\n<p>Du bist der gro\u00dfe Bruder, der f\u00fcr seine Geschwister die Vaterrolle hat \u00fcbernehmen m\u00fcssen und zu dem sicherlich viele aufschauen.<\/p>\n<p>Du bist der Vater zweier Kinder, die jetzt das f\u00fchlen, das erleben m\u00fcssen, was im Oktober 78 auch du &#8211; nicht viel \u00e4lter als deine Kinder jetzt &#8211; erleben hast m\u00fcssen. Susi und Stefan, ich sehe euch und denke an gemeinsame Zeiten zu Weihnachten, Ostern oder bei Familientreffen als Kinder in Traberg, bei denen ihr manchmal auf meinen F\u00fcssen gesessen seid, nur um den gro\u00dfen Cousin mich zu \u00e4rgern. Ich w\u00fcrde euch so gerne etwas sagen, das es euch leichter macht, das euch den Schmerz verringert. Ich kann es nicht.<\/p>\n<p>Peter, du bist der Mechaniker, der Gesch\u00e4ftsmann, der f\u00fcr seine Kunden seine Leidenschaft so manch Freizeit opferte.<\/p>\n<p>F\u00fcr mich, Peter, bist Du der Onkel, bei dem ich wohl am l\u00e4ngsten brauchte, um aufzutauen. Du warst f\u00fcr mich als Kind immer etwas unnahbar.<\/p>\n<p>Erst als Teenager kamen wir uns kurz etwas n\u00e4her. Du hast f\u00fcr mich, wohl mit etwas F\u00fcrsprache meiner Eltern, einen Ferialpraktikumsplatz arrangiert und weil danach noch eine Woche gefehlt hat, mich es bei dir in der Werkstatt abschlie\u00dfen lassen.<\/p>\n<p>Ich ging nach der HTL, in der ich oftmals \u00fcber das Feld blickend sagen konnte \u201cdie Werkstatt da dr\u00fcben, die geh\u00f6rt meinem Onkel\u201c, nach Wien und wir sahen uns meist nur zu den Familienfeiern. Erst als mit dem Motorrad und dann mit einem eigenen Auto ernst wurde, sahen wir uns \u00f6fter.<\/p>\n<p>Du hast mir versucht zu erkl\u00e4ren, woran es beim Auto diesmal gehapert hat, wie Du dieses und jenes nun doch soweit herstellen konntest um uns das Pickerl schlussendlich doch guten Gewissens geben hast k\u00f6nnen. Wichtig war dir dabei immer, dass Du mir verst\u00e4ndlich machen konntest, was das Problem war und wie es gel\u00f6st werden konnte. Auch wenn wir dabei noch mal einen genauen Blick unter die Haube werfen haben m\u00fcssen. Deine kostbare Zeit hast du uns geschenkt.<\/p>\n<p>Unsere Beziehung zu einander wurde lockerer, gel\u00f6ster und wir scherzen da und dort, und wurden ernst, wenn es n\u00f6tig wurde.<\/p>\n<p>Ganz selten bist Du mit einem Wunsch zu mir gekommen. Vor ein paar Jahren hatte sich Besuch aus Deutschland angek\u00fcndigt und Du wolltest ihn zu etwas besonderem machen &#8211; mit dem Schiff auf der Donau \u00fcber die Wachau nach Wien. &#8222;Nur was anstellen in Wien&#8220; hast Du Dir gedacht?<\/p>\n<p>Voller Freude und auch Stolz sagte ich dir unsere Hilfe zu. Und so &#8211; schuldend der Versp\u00e4tung des Schiffes &#8211; unternahmen wir einen Nachtausflug. Du und die G\u00e4ste mit dem Auto, dem das Pickerl noch geg\u00f6nnt worden war, Birgit und ich auf dem Motorrad voraus auf den Wiener Hausberg und wir genossen einen grandiosen Blick \u00fcber das n\u00e4chtliche Wien. Ich \u00fcberraschte Euch alle mit einer Flasche Sekt und wir haben auf uns angesto\u00dfen. Wir brachten Euch mit Motorradbegleitschutz noch ins Hotel und das nach Mitternacht! Ich hoffe heute noch, dass Du Dir das damals so gew\u00fcnscht hast und wir Dir eine Freude haben machen k\u00f6nnen.<\/p>\n<p>Auch wenn es in unserer gro\u00dfen Familie zu meiner gro\u00dfen Freude bald Nachwuchs geben wird, so schmerzt mich der Verlust jedes einzelnen so sehr, dass dabei auch ein Teil von mir geht.<\/p>\n<p>Du wirst f\u00fcr mich immer im leicht \u00f6ligen Arbeitsmantel gewandet in der Werkstatt stehen und dein m\u00f6glichstes tun, zu reparieren was notwendig ist.<\/p>\n<p>Du wirst uns fehlen.<\/p>\n<p style=\"text-align: center;\"><a href=\"http:\/\/www.muelleder.net\/wp-content\/uploads\/SchwarzPeter.jpg\"><img loading=\"lazy\" class=\"alignnone size-medium wp-image-95\" src=\"http:\/\/www.muelleder.net\/wp-content\/uploads\/SchwarzPeter-217x300.jpg\" alt=\"SchwarzPeter\" width=\"217\" height=\"300\" srcset=\"https:\/\/www.muelleder.net\/wp-content\/uploads\/SchwarzPeter-217x300.jpg 217w, https:\/\/www.muelleder.net\/wp-content\/uploads\/SchwarzPeter.jpg 578w\" sizes=\"(max-width: 217px) 100vw, 217px\" \/><\/a><\/p>\n<p style=\"text-align: left;\"><a href=\"http:\/\/www.muelleder.net\/wp-content\/uploads\/SchwarzPeterParte.jpg\" target=\"_blank\">Parte<\/a><\/p>\n","protected":false},"excerpt":{"rendered":"<p>Traberg, 13. 2. 2015 Lieber Peter, wir sind heute hier und k\u00f6nnen die Ereignisse der letzten Tage gar nicht fassen. Wir denken an dich, denken an Deine beiden Kinder, k\u00f6nnen es nicht glauben. Jeder f\u00fcr sich versucht sich zu erinnern. Was habe ich zuletzt mit Dir gesprochen? Welcher Gedanke an Dich war es, der mich [&hellip;]<\/p>\n","protected":false},"author":1,"featured_media":0,"parent":13,"menu_order":0,"comment_status":"closed","ping_status":"closed","template":"","meta":[],"_links":{"self":[{"href":"https:\/\/www.muelleder.net\/index.php?rest_route=\/wp\/v2\/pages\/93"}],"collection":[{"href":"https:\/\/www.muelleder.net\/index.php?rest_route=\/wp\/v2\/pages"}],"about":[{"href":"https:\/\/www.muelleder.net\/index.php?rest_route=\/wp\/v2\/types\/page"}],"author":[{"embeddable":true,"href":"https:\/\/www.muelleder.net\/index.php?rest_route=\/wp\/v2\/users\/1"}],"replies":[{"embeddable":true,"href":"https:\/\/www.muelleder.net\/index.php?rest_route=%2Fwp%2Fv2%2Fcomments&post=93"}],"version-history":[{"count":7,"href":"https:\/\/www.muelleder.net\/index.php?rest_route=\/wp\/v2\/pages\/93\/revisions"}],"predecessor-version":[{"id":113,"href":"https:\/\/www.muelleder.net\/index.php?rest_route=\/wp\/v2\/pages\/93\/revisions\/113"}],"up":[{"embeddable":true,"href":"https:\/\/www.muelleder.net\/index.php?rest_route=\/wp\/v2\/pages\/13"}],"wp:attachment":[{"href":"https:\/\/www.muelleder.net\/index.php?rest_route=%2Fwp%2Fv2%2Fmedia&parent=93"}],"curies":[{"name":"wp","href":"https:\/\/api.w.org\/{rel}","templated":true}]}}

<p style="text-align: center;"><a href="http://www.muelleder.net/wp-content/uploads/WP_20150213_10_30_47_Pro.jpg"><img loading="lazy" class="alignnone size-medium wp-image-101" src="http://www.muelleder.net/wp-content/uploads/WP_20150213_10_30_47_Pro-300x169.jpg" alt="WP_20150213_10_30_47_Pro" width="300" height="169" srcset="https://www.muelleder.net/wp-content/uploads/WP_20150213_10_30_47_Pro-300x169.jpg 300w, https://www.muelleder.net/wp-content/uploads/WP_20150213_10_30_47_Pro-1024x577.jpg 1024w" sizes="(max-width: 300px) 100vw, 300px" /></a></p>
<p>Traberg, 13. 2. 2015</p>
<p>Lieber Peter,<br />
wir sind heute hier und können die Ereignisse der letzten Tage gar nicht fassen.</p>
<p>Wir denken an dich, denken an Deine beiden Kinder, können es nicht glauben.</p>
<p>Jeder für sich versucht sich zu erinnern. Was habe ich zuletzt mit Dir gesprochen? Welcher Gedanke an Dich war es, der mich zuletzt beschäftigt hat? Was sind meine ersten Erinnerungen mit Dir? Was sind die prägendsten, die schönsten</p>
<p>Ich überlege, denke nach.</p>
<p>Meine vermutlich ersten bewussten Erinnerungen führen mich zurück in den Oktober 1978, an diesen Ort hier. Und ich glaube du warst es, der mir half, Großvater ein letztes Mal zu sehen. Damals war für mich alles so verwirrend, unverständlich &#8211; alle standen traurig hier, wo wir jetzt stehen. Nur, dass heute Du es bist, von dem wir Abschied nehmen müssen und es ist wieder unverständlich, unbegreiflich.</p>
<p>Jeder einzelne hier hat seine eigene Geschichte mit Dir, du bist der erste Sohn sicherlich stolzer Eltern in einer schweren Zeit.</p>
<p>Du bist der große Bruder, der für seine Geschwister die Vaterrolle hat übernehmen müssen und zu dem sicherlich viele aufschauen.</p>
<p>Du bist der Vater zweier Kinder, die jetzt das fühlen, das erleben müssen, was im Oktober 78 auch du &#8211; nicht viel älter als deine Kinder jetzt &#8211; erleben hast müssen. Susi und Stefan, ich sehe euch und denke an gemeinsame Zeiten zu Weihnachten, Ostern oder bei Familientreffen als Kinder in Traberg, bei denen ihr manchmal auf meinen Füssen gesessen seid, nur um den großen Cousin mich zu ärgern. Ich würde euch so gerne etwas sagen, das es euch leichter macht, das euch den Schmerz verringert. Ich kann es nicht.</p>
<p>Peter, du bist der Mechaniker, der Geschäftsmann, der für seine Kunden seine Leidenschaft so manch Freizeit opferte.</p>
<p>Für mich, Peter, bist Du der Onkel, bei dem ich wohl am längsten brauchte, um aufzutauen. Du warst für mich als Kind immer etwas unnahbar.</p>
<p>Erst als Teenager kamen wir uns kurz etwas näher. Du hast für mich, wohl mit etwas Fürsprache meiner Eltern, einen Ferialpraktikumsplatz arrangiert und weil danach noch eine Woche gefehlt hat, mich es bei dir in der Werkstatt abschließen lassen.</p>
<p>Ich ging nach der HTL, in der ich oftmals über das Feld blickend sagen konnte “die Werkstatt da drüben, die gehört meinem Onkel“, nach Wien und wir sahen uns meist nur zu den Familienfeiern. Erst als mit dem Motorrad und dann mit einem eigenen Auto ernst wurde, sahen wir uns öfter.</p>
<p>Du hast mir versucht zu erklären, woran es beim Auto diesmal gehapert hat, wie Du dieses und jenes nun doch soweit herstellen konntest um uns das Pickerl schlussendlich doch guten Gewissens geben hast können. Wichtig war dir dabei immer, dass Du mir verständlich machen konntest, was das Problem war und wie es gelöst werden konnte. Auch wenn wir dabei noch mal einen genauen Blick unter die Haube werfen haben müssen. Deine kostbare Zeit hast du uns geschenkt.</p>
<p>Unsere Beziehung zu einander wurde lockerer, gelöster und wir scherzen da und dort, und wurden ernst, wenn es nötig wurde.</p>
<p>Ganz selten bist Du mit einem Wunsch zu mir gekommen. Vor ein paar Jahren hatte sich Besuch aus Deutschland angekündigt und Du wolltest ihn zu etwas besonderem machen &#8211; mit dem Schiff auf der Donau über die Wachau nach Wien. &#8222;Nur was anstellen in Wien&#8220; hast Du Dir gedacht?</p>
<p>Voller Freude und auch Stolz sagte ich dir unsere Hilfe zu. Und so &#8211; schuldend der Verspätung des Schiffes &#8211; unternahmen wir einen Nachtausflug. Du und die Gäste mit dem Auto, dem das Pickerl noch gegönnt worden war, Birgit und ich auf dem Motorrad voraus auf den Wiener Hausberg und wir genossen einen grandiosen Blick über das nächtliche Wien. Ich überraschte Euch alle mit einer Flasche Sekt und wir haben auf uns angestoßen. Wir brachten Euch mit Motorradbegleitschutz noch ins Hotel und das nach Mitternacht! Ich hoffe heute noch, dass Du Dir das damals so gewünscht hast und wir Dir eine Freude haben machen können.</p>
<p>Auch wenn es in unserer großen Familie zu meiner großen Freude bald Nachwuchs geben wird, so schmerzt mich der Verlust jedes einzelnen so sehr, dass dabei auch ein Teil von mir geht.</p>
<p>Du wirst für mich immer im leicht öligen Arbeitsmantel gewandet in der Werkstatt stehen und dein möglichstes tun, zu reparieren was notwendig ist.</p>
<p>Du wirst uns fehlen.</p>
<p style="text-align: center;"><a href="http://www.muelleder.net/wp-content/uploads/SchwarzPeter.jpg"><img loading="lazy" class="alignnone size-medium wp-image-95" src="http://www.muelleder.net/wp-content/uploads/SchwarzPeter-217x300.jpg" alt="SchwarzPeter" width="217" height="300" srcset="https://www.muelleder.net/wp-content/uploads/SchwarzPeter-217x300.jpg 217w, https://www.muelleder.net/wp-content/uploads/SchwarzPeter.jpg 578w" sizes="(max-width: 217px) 100vw, 217px" /></a></p>
<p style="text-align: left;"><a href="http://www.muelleder.net/wp-content/uploads/SchwarzPeterParte.jpg" target="_blank">Parte</a></p>

<p>Traberg, 13. 2. 2015 Lieber Peter, wir sind heute hier und können die Ereignisse der letzten Tage gar nicht fassen. Wir denken an dich, denken an Deine beiden Kinder, können es nicht glauben. Jeder für sich versucht sich zu erinnern. Was habe ich zuletzt mit Dir gesprochen? Welcher Gedanke an Dich war es, der mich [&hellip;]</p>
