{"id":123,"date":"2015-06-16T13:21:08","date_gmt":"2015-06-16T12:21:08","guid":{"rendered":"http:\/\/www.muelleder.net\/?page_id=123"},"modified":"2015-06-17T08:49:01","modified_gmt":"2015-06-17T07:49:01","slug":"nachrichten","status":"publish","type":"page","link":"https:\/\/www.muelleder.net\/?page_id=123","title":{"rendered":"Nachrichten &#8230;"},"content":{"rendered":"<p style=\"text-align: right;\"><strong>Ich habe hier einge Nachrichten,<br \/> die Ihr uns geschickt habt, zusammengestellt.<br \/>Wir danken Euch sehr daf\u00fcr!<br \/>Eure Bilder findet Ihr in der <a href=\"http:\/\/www.muelleder.gallery\/gallery3\/index.php\/PS\" target=\"_blank\">Gallery<\/a>.<\/strong><\/p>\n<hr \/>\n<p>Ich denk an euch und w\u00fcnsch ich k\u00f6nnt bei euch sein um euch zu unterst\u00fctzen aber ich denk an Paul und bin mir sicher es geht im gut wo immer er jetzt is und seine Omas, Opas &amp; Ur-Omas umsorgen ihn. Hab stellvertretend bei mir hier eine Kerze angez\u00fcndet, damit er einen sch\u00f6nes Ausblick hat und durch mich auch was von der Welt noch sieht. Am Markt haben sie mir erkl\u00e4rt die gestreiften Nelken bedeuten<\/p>\n<p>&#8222;I&#8217;m sorry I can&#8217;t be with you, but I wish I could.\u201d<\/p>\n<hr \/>\n<p>Wir sind in Gedanken bei euch und dr\u00fccken euch ganz fest. Nat\u00fcrlich z\u00fcnden wir gerne eine Kerze f\u00fcr Paul an, so wie wir auch \u00fcbers Jahr immer wieder (f\u00fcr die ganze Familie) Kerzen anz\u00fcnden.<\/p>\n<hr \/>\n<p>ich hoffe ihr schafft es stark zu bleiben und gemeinsam da durch zu kommen, kann nur sagen, so schwers grad sein mag &#8211; die freuden eines kindes heben sicher alles auf, drum deshalb ned aufgeben..<\/p>\n<hr \/>\n<p>Kann den Schmerz zumindest ansatzweise nachempfinden, da wir zweimal \u00c4hnliches (wenn auch in einem fr\u00fcheren Stadium und damit wohl nicht ganz so schmerzvoll) miterleben mussten, bevor es dann doch noch geklappt hat.<br \/>\nNehmt euch die Zeit f\u00fcr die Trauer!!<\/p>\n<hr \/>\n<p>Es tut uns sehr, sehr leid, dass wir Paul jetzt nicht mehr kennenlernen d\u00fcrfen und ihr einen so tragischen Verlust erlitten habt. Wir denken an Paul, trauern mit euch und w\u00fcnschen euch unser<br \/>\ntiefempfundenes Beileid!<\/p>\n<p>Unsere Gedanken sind bei euch!<\/p>\n<hr \/>\n<p>Es tut mir so leid f\u00fcr euch! Wir k\u00f6nnen mit euch mitf\u00fchlen. Wir hatten die selbe Erfahrung leider im J\u00e4nner machen m\u00fcssen! Denk an euch!!!!<\/p>\n<hr \/>\n<p>&#8222;Ein Engel kam &#8211; und kehrte um.&#8220;<\/p>\n<p>Still, seid leise,<br \/>\nes war ein Engel auf der Reise.<br \/>\nEr wollte nur kurz bei euch sein,<br \/>\nwarum er ging, wei\u00df Gott allein.<br \/>\nEr kam von Gott, dort ist er wieder.<br \/>\nSollte nicht auf unsre Erde nieder.<\/p>\n<p>Ein Hauch nur bleibt von ihm zur\u00fcck.<br \/>\nin eurem Herz ein gro\u00dfes St\u00fcck.<br \/>\nEr wird f\u00fcr immer bei euch sein<br \/>\nvergesst ihn nicht, er war so klein.<br \/>\nGeht nun ein Wind an mildem Tag,<br \/>\nso denkt: Es war sein Fl\u00fcgelschlag.<\/p>\n<p>Und wenn Ihr fragt: Wo mag er sein?<br \/>\nSo wisst: Engel sind niemals allein.<br \/>\nEr kann jetzt alle Farben sehn,<br \/>\nund barfuss durch die Wolken geh&#8217;n<br \/>\nBestimmt l\u00e4sst er sich hin und wieder<br \/>\nbei anderen Engelkindern nieder.<\/p>\n<p>Und wenn ihr ihn auch sehr vermisst<br \/>\nund weint, weil er nicht bei Euch ist,<br \/>\nso denkt: Im Himmel, wo es ihn gibt<br \/>\nerz\u00e4hlt er stolz: Ich werde geliebt<\/p>\n<hr \/>\n<p>Wir sind traurig mit euch.<\/p>\n<hr \/>\n<p>Es tut uns sehr leid das zu erfahren und wir k\u00f6nnen es noch gar nicht richtig fassen, auch was das f\u00fcr Euch bedeutet.<br \/>\nWir wollen Euch in diesen Tagen nicht zus\u00e4tzlich zur Last fallen, aber wenn wir irgendetwas f\u00fcr Euch tun k\u00f6nnen, stehen wir gerne daf\u00fcr bereit.<\/p>\n<hr \/>\n<p>Wir haben heute f\u00fcr euren kleinen Paul ein Sternenlicht angez\u00fcndet und ihm mit dem kleinen Engel einen Platz bei Oma,Opa, Peter und Christl zugedacht.<br \/>\nWir sind in Gedanken bei euch und immer f\u00fcr euch da, wenn ihr uns braucht<\/p>\n<hr \/>\n<p>Ein werdender kleiner Mensch, auf dessen Erscheinen sich alle Freude und Hoffnung gerichtet hat, \u201eentzieht\u201c sich unerwartet und hinterl\u00e4sst ein riesiges schwarzes Loch. Jeder Trost erscheint im ersten Schmerz vergebens.<\/p>\n<hr \/>\n<p>Wir trauern mit Euch um Euren kleinen Paul.<br \/>\nUnsere Gedanken sind bei Ihm, m\u00f6ge er einen guten Platz finden wo<br \/>\nimmer er auch ist, er bleibt uns in Gedanken und Herzen nahe.<\/p>\n<hr \/>\n<p>Wo die Worte versagen:<br \/>\n&#8222;Tr\u00f6sten ist eine Kunst des Herzens. Sie besteht oft nur darin, liebevoll zu<br \/>\nschweigen und schweigend mitzuleiden.&#8220;<br \/>\nOtto von Leixner (1847-1907)<\/p>\n<hr \/>\n<p>Es tut mir so leid, dass euer Paul diese Welt schon verlassen musste, noch bevor er sie \u00fcberhaupt kennenlernen konnte.<br \/>\nPaul war nur kurz bei euch und wird doch immer in eurem Herzen bleiben.<br \/>\nSchade, dass ich ihn noch nicht kennenlernen durfte.<br \/>\nBirgit\u00b4s Mama passt sicher schon gut auf ihn auf und einen kleinen pelzigen Spielgef\u00e4hrten hat er auch schon! Ich bin mir sicher, dass es ihm da wo er jetzt ist gut geht.<\/p>\n<hr \/>\n<p>Auch wenn ihr es sicher wisst, wichtig ist euch noch einmal bewusst zu machen, dass ihr es nicht verhindern h\u00e4ttet k\u00f6nnen. Der Verlust eines ungeborenen Kindes ist ein tragisches Ereignis das vielen Menschen widerf\u00e4hrt. Euer Paul w\u00e4re willkommen und geliebt gewesen und nur das z\u00e4hlt.<\/p>\n<p>Mein tief empfundenes Beileid im Wissen, dass der kleine Paul zwei tolle Eltern gehabt h\u00e4tte und nie vergessen wird!<\/p>\n<hr \/>\n<p>Ich wei\u00df gar nicht was ich dazu sagen\/schreiben soll.. Es tut mir so leid f\u00fcr euch&#8230; Paul h\u00e4tte sicher gut zu euch gepasst&#8230;<\/p>\n<hr \/>\n<p>ein Schicksalsschlag hat euch getroffen. Die Sonne hat sich verfinstert und Dunkelheit hervorgebracht.<br \/>\nPaul ist ein Sternenkind und Sterne leuchten. Man sieht sie nicht immer, aber sie sind immer da.<br \/>\nVerliert nicht den Mut, den Blick nach vorne zu richten.<br \/>\nSeid umarmt und gek\u00fcsst<\/p>\n<hr \/>\n<p>Wir sind sehr traurig, dass Euer Paul gestorben ist. Immer wieder suchte ich nach tr\u00f6stenden Worten, aber es lassen sich keine finden.<\/p>\n<p>Stellt Euch keine Fragen mit &#8222;warum&#8220;. Die sind nicht zu beantworten. Ein h\u00f6heres &#8222;Etwas&#8220; hat diese Entscheidung getroffen &#8211; f\u00fcr uns nicht zu begreifen.<\/p>\n<p>Was wir jedoch wissen, ist, dass Euer Paul ein Gl\u00fcckskind war. Er war von Beginn an von so viel Liebe umgeben &#8211; von Eurer und der Eurer Familien. Und seine Existenz hat bei uns allen so viel Freude bereitet.<\/p>\n<p>Euer Verlust und Schmerz ist nicht in Worte zu fassen. Trauert um ihn!<br \/>\nWeint um ihn! Denkt aber daran, dass Euer Schatz Euch gl\u00fccklich und stolz machen wollte. Es war nie seine Absicht, Euch Kummer und Leid zu bereiten.<br \/>\nDarum lasst es Paul zu Liebe nicht zu, dass die Traurigkeit in Euren Herzen zu viel Platz einnimmt.<\/p>\n<p>Paul wird immer bei Euch sein und als Stern f\u00fcr Euch leuchten. Und er sehnt sich nach einem L\u00e4cheln von seiner Mutter und seines Vaters. Lasst ihn nicht zu lange darauf warten!<\/p>\n<p>Wir umarmen Euch in tiefer Verbundenheit<\/p>\n<hr \/>\n<p>Entsetzen stand uns ins Gesicht geschrieben als wir erfahren haben, was passiert ist und noch immer k\u00f6nnen und wollen wir nicht wahrhaben, dass euch ein gemeinsames Leben mit Paul nicht geg\u00f6nnt war. Tief in euren Herzen wird er aber immer bei euch sein.<\/p>\n<p>Wichtig ist in dieser schwierigen Zeit nicht nach dem \u201eWarum\u201c zu suchen. Manchmal ist das Leben einfach ohne ersichtlichen Grund unfassbar grausam.<\/p>\n<p>Wir w\u00fcnschen euch deshalb viel Kraft, viele tr\u00f6stende Worte und alles erdenklich Gute.<\/p>\n<hr \/>\n<p>Das Leben ist oft leider nicht fair. Ich wei\u00df gar nicht was ich sagen soll.<br \/>\nIch werd f\u00fcr Paul ein Kerzerl anz\u00fcnden.<br \/>\nIch w\u00fcnsche euch von Herzen die Kraft das gemeinsam durch zu stehen und auch Zeit zu trauern.<\/p>\n","protected":false},"excerpt":{"rendered":"<p>Ich habe hier einge Nachrichten, die Ihr uns geschickt habt, zusammengestellt.Wir danken Euch sehr daf\u00fcr!Eure Bilder findet Ihr in der Gallery. Ich denk an euch und w\u00fcnsch ich k\u00f6nnt bei euch sein um euch zu unterst\u00fctzen aber ich denk an Paul und bin mir sicher es geht im gut wo immer er jetzt is und [&hellip;]<\/p>\n","protected":false},"author":1,"featured_media":0,"parent":111,"menu_order":0,"comment_status":"closed","ping_status":"closed","template":"","meta":[],"_links":{"self":[{"href":"https:\/\/www.muelleder.net\/index.php?rest_route=\/wp\/v2\/pages\/123"}],"collection":[{"href":"https:\/\/www.muelleder.net\/index.php?rest_route=\/wp\/v2\/pages"}],"about":[{"href":"https:\/\/www.muelleder.net\/index.php?rest_route=\/wp\/v2\/types\/page"}],"author":[{"embeddable":true,"href":"https:\/\/www.muelleder.net\/index.php?rest_route=\/wp\/v2\/users\/1"}],"replies":[{"embeddable":true,"href":"https:\/\/www.muelleder.net\/index.php?rest_route=%2Fwp%2Fv2%2Fcomments&post=123"}],"version-history":[{"count":19,"href":"https:\/\/www.muelleder.net\/index.php?rest_route=\/wp\/v2\/pages\/123\/revisions"}],"predecessor-version":[{"id":142,"href":"https:\/\/www.muelleder.net\/index.php?rest_route=\/wp\/v2\/pages\/123\/revisions\/142"}],"up":[{"embeddable":true,"href":"https:\/\/www.muelleder.net\/index.php?rest_route=\/wp\/v2\/pages\/111"}],"wp:attachment":[{"href":"https:\/\/www.muelleder.net\/index.php?rest_route=%2Fwp%2Fv2%2Fmedia&parent=123"}],"curies":[{"name":"wp","href":"https:\/\/api.w.org\/{rel}","templated":true}]}}

<p style="text-align: right;"><strong>Ich habe hier einge Nachrichten,<br /> die Ihr uns geschickt habt, zusammengestellt.<br />Wir danken Euch sehr dafür!<br />Eure Bilder findet Ihr in der <a href="http://www.muelleder.gallery/gallery3/index.php/PS" target="_blank">Gallery</a>.</strong></p>
<hr />
<p>Ich denk an euch und wünsch ich könnt bei euch sein um euch zu unterstützen aber ich denk an Paul und bin mir sicher es geht im gut wo immer er jetzt is und seine Omas, Opas &amp; Ur-Omas umsorgen ihn. Hab stellvertretend bei mir hier eine Kerze angezündet, damit er einen schönes Ausblick hat und durch mich auch was von der Welt noch sieht. Am Markt haben sie mir erklärt die gestreiften Nelken bedeuten</p>
<p>&#8222;I&#8217;m sorry I can&#8217;t be with you, but I wish I could.”</p>
<hr />
<p>Wir sind in Gedanken bei euch und drücken euch ganz fest. Natürlich zünden wir gerne eine Kerze für Paul an, so wie wir auch übers Jahr immer wieder (für die ganze Familie) Kerzen anzünden.</p>
<hr />
<p>ich hoffe ihr schafft es stark zu bleiben und gemeinsam da durch zu kommen, kann nur sagen, so schwers grad sein mag &#8211; die freuden eines kindes heben sicher alles auf, drum deshalb ned aufgeben..</p>
<hr />
<p>Kann den Schmerz zumindest ansatzweise nachempfinden, da wir zweimal Ähnliches (wenn auch in einem früheren Stadium und damit wohl nicht ganz so schmerzvoll) miterleben mussten, bevor es dann doch noch geklappt hat.<br />
Nehmt euch die Zeit für die Trauer!!</p>
<hr />
<p>Es tut uns sehr, sehr leid, dass wir Paul jetzt nicht mehr kennenlernen dürfen und ihr einen so tragischen Verlust erlitten habt. Wir denken an Paul, trauern mit euch und wünschen euch unser<br />
tiefempfundenes Beileid!</p>
<p>Unsere Gedanken sind bei euch!</p>
<hr />
<p>Es tut mir so leid für euch! Wir können mit euch mitfühlen. Wir hatten die selbe Erfahrung leider im Jänner machen müssen! Denk an euch!!!!</p>
<hr />
<p>&#8222;Ein Engel kam &#8211; und kehrte um.&#8220;</p>
<p>Still, seid leise,<br />
es war ein Engel auf der Reise.<br />
Er wollte nur kurz bei euch sein,<br />
warum er ging, weiß Gott allein.<br />
Er kam von Gott, dort ist er wieder.<br />
Sollte nicht auf unsre Erde nieder.</p>
<p>Ein Hauch nur bleibt von ihm zurück.<br />
in eurem Herz ein großes Stück.<br />
Er wird für immer bei euch sein<br />
vergesst ihn nicht, er war so klein.<br />
Geht nun ein Wind an mildem Tag,<br />
so denkt: Es war sein Flügelschlag.</p>
<p>Und wenn Ihr fragt: Wo mag er sein?<br />
So wisst: Engel sind niemals allein.<br />
Er kann jetzt alle Farben sehn,<br />
und barfuss durch die Wolken geh&#8217;n<br />
Bestimmt lässt er sich hin und wieder<br />
bei anderen Engelkindern nieder.</p>
<p>Und wenn ihr ihn auch sehr vermisst<br />
und weint, weil er nicht bei Euch ist,<br />
so denkt: Im Himmel, wo es ihn gibt<br />
erzählt er stolz: Ich werde geliebt</p>
<hr />
<p>Wir sind traurig mit euch.</p>
<hr />
<p>Es tut uns sehr leid das zu erfahren und wir können es noch gar nicht richtig fassen, auch was das für Euch bedeutet.<br />
Wir wollen Euch in diesen Tagen nicht zusätzlich zur Last fallen, aber wenn wir irgendetwas für Euch tun können, stehen wir gerne dafür bereit.</p>
<hr />
<p>Wir haben heute für euren kleinen Paul ein Sternenlicht angezündet und ihm mit dem kleinen Engel einen Platz bei Oma,Opa, Peter und Christl zugedacht.<br />
Wir sind in Gedanken bei euch und immer für euch da, wenn ihr uns braucht</p>
<hr />
<p>Ein werdender kleiner Mensch, auf dessen Erscheinen sich alle Freude und Hoffnung gerichtet hat, „entzieht“ sich unerwartet und hinterlässt ein riesiges schwarzes Loch. Jeder Trost erscheint im ersten Schmerz vergebens.</p>
<hr />
<p>Wir trauern mit Euch um Euren kleinen Paul.<br />
Unsere Gedanken sind bei Ihm, möge er einen guten Platz finden wo<br />
immer er auch ist, er bleibt uns in Gedanken und Herzen nahe.</p>
<hr />
<p>Wo die Worte versagen:<br />
&#8222;Trösten ist eine Kunst des Herzens. Sie besteht oft nur darin, liebevoll zu<br />
schweigen und schweigend mitzuleiden.&#8220;<br />
Otto von Leixner (1847-1907)</p>
<hr />
<p>Es tut mir so leid, dass euer Paul diese Welt schon verlassen musste, noch bevor er sie überhaupt kennenlernen konnte.<br />
Paul war nur kurz bei euch und wird doch immer in eurem Herzen bleiben.<br />
Schade, dass ich ihn noch nicht kennenlernen durfte.<br />
Birgit´s Mama passt sicher schon gut auf ihn auf und einen kleinen pelzigen Spielgefährten hat er auch schon! Ich bin mir sicher, dass es ihm da wo er jetzt ist gut geht.</p>
<hr />
<p>Auch wenn ihr es sicher wisst, wichtig ist euch noch einmal bewusst zu machen, dass ihr es nicht verhindern hättet können. Der Verlust eines ungeborenen Kindes ist ein tragisches Ereignis das vielen Menschen widerfährt. Euer Paul wäre willkommen und geliebt gewesen und nur das zählt.</p>
<p>Mein tief empfundenes Beileid im Wissen, dass der kleine Paul zwei tolle Eltern gehabt hätte und nie vergessen wird!</p>
<hr />
<p>Ich weiß gar nicht was ich dazu sagen/schreiben soll.. Es tut mir so leid für euch&#8230; Paul hätte sicher gut zu euch gepasst&#8230;</p>
<hr />
<p>ein Schicksalsschlag hat euch getroffen. Die Sonne hat sich verfinstert und Dunkelheit hervorgebracht.<br />
Paul ist ein Sternenkind und Sterne leuchten. Man sieht sie nicht immer, aber sie sind immer da.<br />
Verliert nicht den Mut, den Blick nach vorne zu richten.<br />
Seid umarmt und geküsst</p>
<hr />
<p>Wir sind sehr traurig, dass Euer Paul gestorben ist. Immer wieder suchte ich nach tröstenden Worten, aber es lassen sich keine finden.</p>
<p>Stellt Euch keine Fragen mit &#8222;warum&#8220;. Die sind nicht zu beantworten. Ein höheres &#8222;Etwas&#8220; hat diese Entscheidung getroffen &#8211; für uns nicht zu begreifen.</p>
<p>Was wir jedoch wissen, ist, dass Euer Paul ein Glückskind war. Er war von Beginn an von so viel Liebe umgeben &#8211; von Eurer und der Eurer Familien. Und seine Existenz hat bei uns allen so viel Freude bereitet.</p>
<p>Euer Verlust und Schmerz ist nicht in Worte zu fassen. Trauert um ihn!<br />
Weint um ihn! Denkt aber daran, dass Euer Schatz Euch glücklich und stolz machen wollte. Es war nie seine Absicht, Euch Kummer und Leid zu bereiten.<br />
Darum lasst es Paul zu Liebe nicht zu, dass die Traurigkeit in Euren Herzen zu viel Platz einnimmt.</p>
<p>Paul wird immer bei Euch sein und als Stern für Euch leuchten. Und er sehnt sich nach einem Lächeln von seiner Mutter und seines Vaters. Lasst ihn nicht zu lange darauf warten!</p>
<p>Wir umarmen Euch in tiefer Verbundenheit</p>
<hr />
<p>Entsetzen stand uns ins Gesicht geschrieben als wir erfahren haben, was passiert ist und noch immer können und wollen wir nicht wahrhaben, dass euch ein gemeinsames Leben mit Paul nicht gegönnt war. Tief in euren Herzen wird er aber immer bei euch sein.</p>
<p>Wichtig ist in dieser schwierigen Zeit nicht nach dem „Warum“ zu suchen. Manchmal ist das Leben einfach ohne ersichtlichen Grund unfassbar grausam.</p>
<p>Wir wünschen euch deshalb viel Kraft, viele tröstende Worte und alles erdenklich Gute.</p>
<hr />
<p>Das Leben ist oft leider nicht fair. Ich weiß gar nicht was ich sagen soll.<br />
Ich werd für Paul ein Kerzerl anzünden.<br />
Ich wünsche euch von Herzen die Kraft das gemeinsam durch zu stehen und auch Zeit zu trauern.</p>

<p>Ich habe hier einge Nachrichten, die Ihr uns geschickt habt, zusammengestellt.Wir danken Euch sehr dafür!Eure Bilder findet Ihr in der Gallery. Ich denk an euch und wünsch ich könnt bei euch sein um euch zu unterstützen aber ich denk an Paul und bin mir sicher es geht im gut wo immer er jetzt is und [&hellip;]</p>
