{"id":111,"date":"2015-05-22T09:46:35","date_gmt":"2015-05-22T08:46:35","guid":{"rendered":"http:\/\/www.muelleder.net\/?page_id=111"},"modified":"2016-06-08T09:05:16","modified_gmt":"2016-06-08T08:05:16","slug":"sternenkind","status":"publish","type":"page","link":"https:\/\/www.muelleder.net\/?page_id=111","title":{"rendered":"Sternenkind"},"content":{"rendered":"<table width=\"100%\">\n<tbody>\n<tr>\n<td valign=\"top\"><strong>Wo<\/strong><strong> bist<\/strong><strong> du<\/strong>&nbsp;<\/p>\n<p>Wo bist Du?<br \/>\nfrage ich das kleine Licht<\/p>\n<p>Hier bin ich!<br \/>\nMama sp\u00fcrst Du mich nicht?<\/p>\n<p>Ich sp\u00fcre Dich,<br \/>\ndoch sehe ich Dich nicht<\/p>\n<p>entgegne ich dem Licht<br \/>\nund h\u00f6re,wie es spricht:<\/p>\n<p>Es z\u00e4hlt nicht,was Du siehst oder nicht,<br \/>\nwichtig ist nur,Du sp\u00fcrst mein Licht-<br \/>\nin dir,Mama,nicht \u00e4u\u00dferlich!<\/p>\n<p>Ich sp\u00fcre Dich deutlich,<br \/>\ninnerlich.<\/p>\n<p>Zum Greifen nah,fehlt nur ein St\u00fcck.<br \/>\nZum richtigen Gl\u00fcck.<\/p>\n<p>Warum bist Du gegangen,mein kleines Licht,<br \/>\nso traurig bin ich,<br \/>\nohne Dich!<\/p>\n<p>Ach Mama<br \/>\nso weine doch nicht,<br \/>\nIch bin in Sicht,<br \/>\nschlie\u00dfe Deine Augen und f\u00fchle mich<br \/>\nich bin ganz nah.<\/p>\n<p>Warum?Ich wieder frag,<br \/>\nwarum nur gehst Du,<br \/>\nkleines Licht,<br \/>\nl\u00e4\u00dft mich im Stich,<br \/>\nIch liebte Dich!<\/p>\n<p>So lieb mich weiter,<br \/>\nich bin doch da!<\/p>\n<p>Warum, ist alles,was aus mir spricht,<br \/>\nund so erkl\u00e4rt mir das kleine Licht:<\/p>\n<p>Nicht traurig sein Mama,<br \/>\nich liebe Dich.<br \/>\nDer kleine K\u00f6rper,ich besa\u00df,<br \/>\nder wollte nicht,<br \/>\nhinderte mich zu werden,<br \/>\nwas ich werden wollte,<br \/>\nDein gesundes kleine Licht.<br \/>\nNie wollte ich Dich verlassen,<br \/>\ndoch mu\u00dfte ich,<br \/>\nwollt doch nicht krank sein,Mama,<br \/>\nverstehst Du mich?<\/p>\n<p>Schmerzlich erkl\u00e4re ich dem Licht,<br \/>\nam Verstehen scheitert es nicht,<br \/>\nnur tut es so weh.<\/p>\n<p>Meine Mama,<br \/>\nso weine nicht,<br \/>\nZeit vergeht,<br \/>\nbald bin ich wieder in Sicht!<br \/>\nK\u00e4mpfe f\u00fcr mich!<br \/>\nIch brauche Dich!<\/p>\n<p>Ich liebe Dich!!<\/p>\n<p>Mein s\u00fc\u00dfes kleines Licht,<br \/>\nwie kann ich um Dich k\u00e4mpfen,<br \/>\nDu bist doch schon tot.<\/p>\n<p>Nein Mama,<br \/>\nnicht tot bin ich.<br \/>\nNur Zeit brauch ich,<br \/>\nein bi\u00dfchen nur,<br \/>\nich bitte Dich,empfange mich,<br \/>\ngleich herzlich wie beim ersten Mal!!<\/p>\n<p>Wie anders au\u00dfer herzlich k\u00f6nnt ich Dich empfangen,<br \/>\nDu s\u00fc\u00dfes Licht,<br \/>\nsehns\u00fcchtig erwart ich Dich!<\/p>\n<p>Also dann Mama,<br \/>\nnicht traurig sein!<br \/>\nErwarte mich,<br \/>\nbald bin ich Dein.<\/p>\n<p>Mein Licht soll strahlen,<br \/>\nrichtig hell,<br \/>\nso das Du nie den Mut verlierst,<br \/>\ntot ist nicht mein Lebenslicht,<br \/>\nnur der K\u00f6rper mu\u00dfte gehen.<\/p>\n<p>Ich bin bei Dir,Ich leuchte Dir,<br \/>\nniemals mehr sollst Du trauern um mich-<br \/>\nes gibt keinen Grund.<\/p>\n<p>Du wartest auf mich und ich auf Dich!!<\/p>\n<p>Ich liebe Dich!!<\/p>\n<p>&#8211; Verfasser unbekannt &#8211;<\/td>\n<td valign=\"top\"><strong><a href=\"http:\/\/www.muelleder.net\/wp-content\/uploads\/kerze.jpg\"><img loading=\"lazy\" class=\"alignnone size-medium wp-image-114\" src=\"http:\/\/www.muelleder.net\/wp-content\/uploads\/kerze-169x300.jpg\" alt=\"kerze\" width=\"169\" height=\"300\" srcset=\"https:\/\/www.muelleder.net\/wp-content\/uploads\/kerze-169x300.jpg 169w, https:\/\/www.muelleder.net\/wp-content\/uploads\/kerze.jpg 540w\" sizes=\"(max-width: 169px) 100vw, 169px\" \/><\/a><\/strong><\/td>\n<\/tr>\n<\/tbody>\n<\/table>\n","protected":false},"excerpt":{"rendered":"<p>Wo bist du&nbsp; Wo bist Du? frage ich das kleine Licht Hier bin ich! Mama sp\u00fcrst Du mich nicht? Ich sp\u00fcre Dich, doch sehe ich Dich nicht entgegne ich dem Licht und h\u00f6re,wie es spricht: Es z\u00e4hlt nicht,was Du siehst oder nicht, wichtig ist nur,Du sp\u00fcrst mein Licht- in dir,Mama,nicht \u00e4u\u00dferlich! Ich sp\u00fcre Dich deutlich, [&hellip;]<\/p>\n","protected":false},"author":1,"featured_media":0,"parent":0,"menu_order":2,"comment_status":"closed","ping_status":"closed","template":"","meta":[],"_links":{"self":[{"href":"https:\/\/www.muelleder.net\/index.php?rest_route=\/wp\/v2\/pages\/111"}],"collection":[{"href":"https:\/\/www.muelleder.net\/index.php?rest_route=\/wp\/v2\/pages"}],"about":[{"href":"https:\/\/www.muelleder.net\/index.php?rest_route=\/wp\/v2\/types\/page"}],"author":[{"embeddable":true,"href":"https:\/\/www.muelleder.net\/index.php?rest_route=\/wp\/v2\/users\/1"}],"replies":[{"embeddable":true,"href":"https:\/\/www.muelleder.net\/index.php?rest_route=%2Fwp%2Fv2%2Fcomments&post=111"}],"version-history":[{"count":3,"href":"https:\/\/www.muelleder.net\/index.php?rest_route=\/wp\/v2\/pages\/111\/revisions"}],"predecessor-version":[{"id":116,"href":"https:\/\/www.muelleder.net\/index.php?rest_route=\/wp\/v2\/pages\/111\/revisions\/116"}],"wp:attachment":[{"href":"https:\/\/www.muelleder.net\/index.php?rest_route=%2Fwp%2Fv2%2Fmedia&parent=111"}],"curies":[{"name":"wp","href":"https:\/\/api.w.org\/{rel}","templated":true}]}}